{"id":281,"date":"2015-10-22T09:49:27","date_gmt":"2015-10-22T08:49:27","guid":{"rendered":"http:\/\/www.bagasutra.com\/?post_type=product&#038;p=281"},"modified":"2020-09-15T16:49:36","modified_gmt":"2020-09-15T15:49:36","slug":"rendez-lune-cuir-psychedelique","status":"publish","type":"product","link":"http:\/\/www.bagasutra.com\/?product=rendez-lune-cuir-psychedelique","title":{"rendered":"RENDEZ-VOUS (avec la lune) cuir psych\u00e9d\u00e9lique"},"content":{"rendered":"<p dir=\"LTR\" align=\"LEFT\">Dimensions 25*19 cm<\/p>\n<p dir=\"LTR\" align=\"LEFT\">Fermeture zip<\/p>\n<p dir=\"LTR\" align=\"LEFT\">Cuir vachette psych\u00e9d\u00e9lique<\/p>\n<p dir=\"LTR\" align=\"LEFT\">\u00a0Ref RVAL\/ VA psych\u00e9<\/p>\n<p dir=\"LTR\" align=\"LEFT\">Son +: ses mensurations permettent un \u00e9l\u00e9gant\u00a0port\u00e9 main.<\/p>\n","protected":false},"excerpt":{"rendered":"<p>Dimensions 25*19 cm Fermeture zip Cuir vachette psych\u00e9d\u00e9lique \u00a0Ref RVAL\/ VA psych\u00e9 Son +: ses mensurations permettent un \u00e9l\u00e9gant\u00a0port\u00e9 main.<\/p>\n","protected":false},"featured_media":903,"comment_status":"closed","ping_status":"closed","template":"","meta":{"spay_email":"","jetpack_publicize_message":"","jetpack_is_tweetstorm":false},"jetpack_publicize_connections":[],"yoast_head":"<!-- This site is optimized with the Yoast SEO plugin v15.4 - https:\/\/yoast.com\/wordpress\/plugins\/seo\/ -->\n<title>RENDEZ-VOUS cuir psych\u00e9d\u00e9lique - BAGaSUTRA<\/title>\n<meta name=\"description\" content=\"RENDEZ-VOUS (AVEC LA LUNE) est une pochette en cuir additionnable de la marque BAGaSUTRA.\" \/>\n<meta name=\"robots\" content=\"index, follow, max-snippet:-1, max-image-preview:large, max-video-preview:-1\" \/>\n<link rel=\"canonical\" href=\"https:\/\/www.bagasutra.com\/?product=rendez-lune-cuir-psychedelique\" \/>\n<meta property=\"og:locale\" content=\"fr_FR\" \/>\n<meta property=\"og:type\" content=\"article\" \/>\n<meta property=\"og:title\" content=\"RENDEZ-VOUS cuir psych\u00e9d\u00e9lique - BAGaSUTRA\" \/>\n<meta property=\"og:description\" content=\"RENDEZ-VOUS (AVEC LA LUNE) est une pochette en cuir additionnable de la marque BAGaSUTRA.\" \/>\n<meta property=\"og:url\" content=\"https:\/\/www.bagasutra.com\/?product=rendez-lune-cuir-psychedelique\" \/>\n<meta property=\"og:site_name\" content=\"Bagasutra Paris\" \/>\n<meta property=\"article:publisher\" content=\"https:\/\/www.facebook.com\/Bagasutra-1613332955615983\" \/>\n<meta property=\"article:modified_time\" content=\"2020-09-15T15:49:36+00:00\" \/>\n<meta property=\"og:image\" content=\"https:\/\/i2.wp.com\/www.bagasutra.com\/wp-content\/uploads\/2016\/01\/BAGaSUTRA-cuir-fantaisie-psychadelique-RVF.jpg?fit=600%2C600\" \/>\n\t<meta property=\"og:image:width\" content=\"600\" \/>\n\t<meta property=\"og:image:height\" content=\"600\" \/>\n<meta name=\"twitter:card\" content=\"summary\" \/>\n<meta name=\"twitter:label1\" content=\"\u00c9crit par\">\n\t<meta name=\"twitter:data1\" content=\"Catherine\">\n\t<meta name=\"twitter:label2\" content=\"Dur\u00e9e de lecture est.\">\n\t<meta name=\"twitter:data2\" content=\"0 minute\">\n<script type=\"application\/ld+json\" class=\"yoast-schema-graph\">{\"@context\":\"https:\/\/schema.org\",\"@graph\":[{\"@type\":\"WebSite\",\"@id\":\"http:\/\/www.bagasutra.com\/?lang=en\/#website\",\"url\":\"http:\/\/www.bagasutra.com\/?lang=en\/\",\"name\":\"Bagasutra Paris\",\"description\":\"BAGaSUTRA n&#039;est pas le sac d&#039;un seul soir\",\"potentialAction\":[{\"@type\":\"SearchAction\",\"target\":\"http:\/\/www.bagasutra.com\/?lang=en\/?s={search_term_string}\",\"query-input\":\"required name=search_term_string\"}],\"inLanguage\":\"fr-FR\"},{\"@type\":\"ImageObject\",\"@id\":\"https:\/\/www.bagasutra.com\/?product=rendez-lune-cuir-psychedelique#primaryimage\",\"inLanguage\":\"fr-FR\",\"url\":\"https:\/\/i2.wp.com\/www.bagasutra.com\/wp-content\/uploads\/2016\/01\/BAGaSUTRA-cuir-fantaisie-psychadelique-RVF.jpg?fit=600%2C600\",\"width\":600,\"height\":600,\"caption\":\"BAGaSUTRA-cuir-fantaisie-psychedelique-RVF\"},{\"@type\":\"WebPage\",\"@id\":\"https:\/\/www.bagasutra.com\/?product=rendez-lune-cuir-psychedelique#webpage\",\"url\":\"https:\/\/www.bagasutra.com\/?product=rendez-lune-cuir-psychedelique\",\"name\":\"RENDEZ-VOUS cuir psych\\u00e9d\\u00e9lique - BAGaSUTRA\",\"isPartOf\":{\"@id\":\"http:\/\/www.bagasutra.com\/?lang=en\/#website\"},\"primaryImageOfPage\":{\"@id\":\"https:\/\/www.bagasutra.com\/?product=rendez-lune-cuir-psychedelique#primaryimage\"},\"datePublished\":\"2015-10-22T08:49:27+00:00\",\"dateModified\":\"2020-09-15T15:49:36+00:00\",\"description\":\"RENDEZ-VOUS (AVEC LA LUNE) est une pochette en cuir additionnable de la marque BAGaSUTRA.\",\"inLanguage\":\"fr-FR\",\"potentialAction\":[{\"@type\":\"ReadAction\",\"target\":[\"https:\/\/www.bagasutra.com\/?product=rendez-lune-cuir-psychedelique\"]}]}]}<\/script>\n<!-- \/ Yoast SEO plugin. -->","jetpack_sharing_enabled":true,"jetpack-related-posts":[],"_links":{"self":[{"href":"http:\/\/www.bagasutra.com\/index.php?rest_route=\/wp\/v2\/product\/281"}],"collection":[{"href":"http:\/\/www.bagasutra.com\/index.php?rest_route=\/wp\/v2\/product"}],"about":[{"href":"http:\/\/www.bagasutra.com\/index.php?rest_route=\/wp\/v2\/types\/product"}],"replies":[{"embeddable":true,"href":"http:\/\/www.bagasutra.com\/index.php?rest_route=%2Fwp%2Fv2%2Fcomments&post=281"}],"wp:featuredmedia":[{"embeddable":true,"href":"http:\/\/www.bagasutra.com\/index.php?rest_route=\/wp\/v2\/media\/903"}],"wp:attachment":[{"href":"http:\/\/www.bagasutra.com\/index.php?rest_route=%2Fwp%2Fv2%2Fmedia&parent=281"}],"curies":[{"name":"wp","href":"https:\/\/api.w.org\/{rel}","templated":true}]}}